 the prime factors of 4627?
7, 661
What are the prime factors of 11215?
5, 2243
What are the prime factors of 37423?
37423
List the prime factors of 417.
3, 139
List the prime factors of 78880.
2, 5, 17, 29
List the prime factors of 1064.
2, 7, 19
List the prime factors of 18011.
7, 31, 83
List the prime factors of 56.
2, 7
What are the prime factors of 8747?
8747
List the prime factors of 1076.
2, 269
List the prime factors of 4788.
2, 3, 7, 19
What are the prime factors of 164355?
3, 5, 10957
List the prime factors of 530.
2, 5, 53
What are the prime factors of 147941?
239, 619
List the prime factors of 93181.
11, 43, 197
What are the prime factors of 517?
11, 47
List the prime factors of 1283.
1283
List the prime factors of 2188.
2, 547
What are the prime factors of 3570?
2, 3, 5, 7, 17
What are the prime factors of 986?
2, 17, 29
List the prime factors of 62.
2, 31
List the prime factors of 11184.
2, 3, 233
What are the prime factors of 13218?
2, 3, 2203
List the prime factors of 1300.
2, 5, 13
What are the prime factors of 188?
2, 47
List the prime factors of 76259.
76259
List the prime factors of 1090.
2, 5, 109
List the prime factors of 77299.
17, 4547
What are the prime factors of 73904?
2, 31, 149
List the prime factors of 472.
2, 59
List the prime factors of 101227.
7, 14461
What are the prime factors of 8597?
8597
What are the prime factors of 3344?
2, 11, 19
List the prime factors of 806.
2, 13, 31
List the prime factors of 134865.
3, 5, 37
List the prime factors of 2037.
3, 7, 97
What are the prime factors of 26466?
2, 3, 11, 401
What are the prime factors of 22582?
2, 7, 1613
List the prime factors of 838.
2, 419
List the prime factors of 2448.
2, 3, 17
What are the prime factors of 32803?
32803
List the prime factors of 320.
2, 5
What are the prime factors of 40?
2, 5
List the prime factors of 50645.
5, 7, 1447
What are the prime factors of 15505?
5, 7, 443
List the prime factors of 3126.
2, 3, 521
What are the prime factors of 7315?
5, 7, 11, 19
List the prime factors of 839.
839
What are the prime factors of 6164?
2, 23, 67
List the prime factors of 627.
3, 11, 19
What are the prime factors of 2737?
7, 17, 23
List the prime factors of 5426.
2, 2713
List the prime factors of 18658.
2, 19, 491
List the prime factors of 11310.
2, 3, 5, 13, 29
What are the prime factors of 1640?
2, 5, 41
List the prime factors of 57032.
2, 7129
List the prime factors of 1922.
2, 31
List the prime factors of 14463.
3, 1607
What are the prime factors of 35221?
35221
List the prime factors of 24480.
2, 3, 5, 17
List the prime factors of 1013.
1013
What are the prime factors of 2746?
2, 1373
What are the prime factors of 37?
37
List the prime factors of 20506.
2, 10253
List the prime factors of 578.
2, 17
List the prime factors of 3223.
11, 293
What are the prime factors of 29?
29
List the prime factors of 4920.
2, 3, 5, 41
List the prime factors of 14872.
2, 11, 13
What are the prime factors of 490?
2, 5, 7
What are the prime factors of 12365?
5, 2473
What are the prime factors of 8034?
2, 3, 13, 103
What are the prime factors of 4764?
2, 3, 397
List the prime factors of 57016.
2, 7127
List the prime factors of 503.
503
List the prime factors of 1215.
3, 5
What are the prime factors of 714?
2, 3, 7, 17
List the prime factors of 25289.
11, 19
What are the prime factors of 23689?
23689
What are the prime factors of 1466?
2, 733
List the prime factors of 1879.
1879
What are the prime factors of 469?
7, 67
List the prime factors of 19336.
2, 2417
What are the prime factors of 25?
5
List the prime factors of 1787.
1787
List the prime factors of 1143.
3, 127
List the prime factors of 5094.
2, 3, 283
What are the prime factors of 982?
2, 491
What are the prime factors of 735?
3, 5, 7
List the prime factors of 668.
2, 167
What are the prime factors of 741?
3, 13, 19
What are the prime factors of 4725?
3, 5, 7
What are the prime factors of 2765?
5, 7, 79
List the prime factors of 1159.
19, 61
What are the prime factors of 3751?
11, 31
List the prime factors of 1328.
2, 83
List the prime factors of 989.
23, 43
What are the prime factors of 2073?
3, 691
What are the prime factors of 3315?
3, 5, 13, 17
What are the prime factors of 5262?
2, 3, 877
What are the prime factors of 20574?
2, 3, 127
What are the prime factors of 3490?
2, 5, 349
List the prime factors of 50423.
50423
List the prime factors of 3347.
3347
List the prime factors of 10614.
2, 3, 29, 61
What are the prime factors of 7837?
17, 461
What are the prime factors of 2883?
3, 31
What are the prime factors of 1801?
1801
What are the prime factors of 25823?
7, 17, 31
What are the prime factors of 48090?
2, 3, 5, 7, 229
List the prime factors of 43668.
2, 3, 1213
List the prime factors of 11369.
11369
What are the prime factors of 2586?
2, 3, 431
What are the prime factors of 23964?
2, 3, 1997
List the prime factors of 2949.
3, 983
List the prime factors of 25571.
7, 13, 281
What are the prime factors of 133458?
2, 3, 13, 29, 59
List the prime factors of 7758.
2, 3, 431
What are the prime factors of 4652?
2, 1163
List the prime factors of 16815.
3, 5, 19, 59
List the prime factors of 787.
787
List the prime factors of 158.
2, 79
What are the prime factors of 4017?
3, 13, 103
List the prime factors of 3078.
2, 3, 19
List the prime factors of 20565.
3, 5, 457
What are the prime factors of 9605?
5, 17, 113
What are the prime factors of 12623?
13, 971
What are the prime factors of 1594?
2, 797
List the prime factors of 7852.
2, 13, 151
List the prime factors of 1588.
2, 397
List the prime factors of 173.
173
What are the prime factors of 79973?
79973
What are the prime factors of 5579?
7, 797
What are the prime factors of 897?
3, 13, 23
What are the prime factors of 571?
571
List the prime factors of 1232.
2, 7, 11
What are the prime factors of 35843?
73, 491
What are the prime factors of 3052?
2, 7, 109
List the prime factors of 463.
463
What are the prime factors of 4798?
2, 2399
List the prime factors of 16135.
5, 7, 461
List the prime factors of 67.
67
List the prime factors of 1047.
3, 349
List the prime factors of 1550.
2, 5, 31
What are the prime factors of 1601?
1601
What are the prime factors of 1442?
2, 7, 103
List the prime factors of 158.
2, 79
What are the prime factors of 5173?
7, 739
List the prime factors of 12428.
2, 13, 239
What are the prime factors of 117246?
2, 3, 19541
List the prime factors of 10083.
3, 3361
What are the prime factors of 157?
157
List the prime factors of 932.
2, 233
What are the prime factors of 4487?
7, 641
What are the prime factors of 12668?
2, 3167
What are the prime factors of 2814?
2, 3, 7, 67
List the prime factors of 85658.
2, 42829
List the prime factors of 1471.
1471
List the prime factors of 6052.
2, 17, 89
What are the prime factors of 12877?
79, 163
What are the prime factors of 130?
2, 5, 13
List the prime factors of 99972.
2, 3, 2777
What are the prime factors of 1358?
2, 7, 97
List the prime factors of 1530.
2, 3, 5, 17
What are the prime factors of 62165?
5, 12433
What are the prime factors of 654?
2, 3, 109
What are the prime factors of 7607?
7607
What are the prime factors of 32114?
2, 16057
List the prime factors of 5403.
3, 1801
What are the prime factors of 1847?
1847
List the prime factors of 649.
11, 59
What are the prime factors of 14999?
53, 283
List the prime factors of 18963.
3, 7, 43
What are the prime factors of 43414?
2, 7, 443
What are the prime factors of 56253?
3, 17, 1103
List the prime factors of 402.
2, 3, 67
List the prime factors of 71309.
7, 61, 167
List the prime factors of 51093.
3, 7, 811
What are the prime factors of 47552?
2, 743
List the prime factors of 54994.
2, 31, 887
What are the prime factors of 76?
2, 19
What are the prime factors of 949?
13, 73
List the prime factors of 10203.
3, 19, 179
List the prime factors of 10959.
3, 13, 281
What are the prime factors of 138055?
5, 27611
What are the prime factors of 3736?
2, 467
List the prime factors of 1470.
2, 3, 5, 7
What are the prime factors of 3533?
3533
List the prime factors of 11016.
2, 3, 17
What are the prime factors of 1483?
1483
List the prime factors of 822.
2, 3, 137
What are the prime factors of 10903?
10903
List the prime factors of 578.
2, 17
List 